ors of 13498?
2, 17, 397
List the prime factors of 41.
41
What are the prime factors of 2396?
2, 599
What are the prime factors of 5358?
2, 3, 19, 47
What are the prime factors of 2284?
2, 571
What are the prime factors of 1862?
2, 7, 19
What are the prime factors of 315?
3, 5, 7
List the prime factors of 1320.
2, 3, 5, 11
What are the prime factors of 743?
743
List the prime factors of 340.
2, 5, 17
What are the prime factors of 11057?
11057
What are the prime factors of 6507?
3, 241
List the prime factors of 63240.
2, 3, 5, 17, 31
What are the prime factors of 26141?
26141
What are the prime factors of 473?
11, 43
List the prime factors of 16953.
3, 5651
List the prime factors of 976.
2, 61
List the prime factors of 4521.
3, 11, 137
What are the prime factors of 8491?
7, 1213
What are the prime factors of 6910?
2, 5, 691
What are the prime factors of 64208?
2, 4013
What are the prime factors of 44067?
3, 37, 397
What are the prime factors of 43642?
2, 21821
List the prime factors of 5560.
2, 5, 139
What are the prime factors of 427?
7, 61
List the prime factors of 11031.
3, 3677
List the prime factors of 2181.
3, 727
What are the prime factors of 3164?
2, 7, 113
What are the prime factors of 1013?
1013
List the prime factors of 94826.
2, 17, 2789
What are the prime factors of 37152?
2, 3, 43
List the prime factors of 326.
2, 163
What are the prime factors of 57?
3, 19
List the prime factors of 3495.
3, 5, 233
List the prime factors of 27737.
27737
What are the prime factors of 462?
2, 3, 7, 11
List the prime factors of 110106.
2, 3, 2039
What are the prime factors of 2061?
3, 229
List the prime factors of 5671.
53, 107
List the prime factors of 4023.
3, 149
What are the prime factors of 3826?
2, 1913
What are the prime factors of 33658?
2, 16829
What are the prime factors of 3759?
3, 7, 179
List the prime factors of 22396.
2, 11, 509
List the prime factors of 2815.
5, 563
List the prime factors of 1438.
2, 719
List the prime factors of 77517.
3, 11, 29
List the prime factors of 4921.
7, 19, 37
What are the prime factors of 2121?
3, 7, 101
List the prime factors of 398.
2, 199
What are the prime factors of 521?
521
List the prime factors of 41786.
2, 17, 1229
List the prime factors of 3472.
2, 7, 31
List the prime factors of 181.
181
What are the prime factors of 3268?
2, 19, 43
What are the prime factors of 2761?
11, 251
What are the prime factors of 3547?
3547
What are the prime factors of 15797?
15797
What are the prime factors of 17895?
3, 5, 1193
What are the prime factors of 96?
2, 3
What are the prime factors of 348?
2, 3, 29
List the prime factors of 19.
19
What are the prime factors of 7248?
2, 3, 151
What are the prime factors of 23764?
2, 13, 457
List the prime factors of 218.
2, 109
What are the prime factors of 15935?
5, 3187
List the prime factors of 23191.
7, 3313
List the prime factors of 5956.
2, 1489
What are the prime factors of 5782?
2, 7, 59
What are the prime factors of 564?
2, 3, 47
List the prime factors of 2824.
2, 353
List the prime factors of 3540.
2, 3, 5, 59
What are the prime factors of 1772?
2, 443
What are the prime factors of 3761?
3761
What are the prime factors of 1489?
1489
List the prime factors of 23695.
5, 7, 677
What are the prime factors of 3965?
5, 13, 61
List the prime factors of 39246.
2, 3, 31, 211
What are the prime factors of 10215?
3, 5, 227
What are the prime factors of 98081?
98081
List the prime factors of 815.
5, 163
List the prime factors of 1465.
5, 293
List the prime factors of 48587.
7, 11, 631
List the prime factors of 16061.
16061
What are the prime factors of 121875?
3, 5, 13
What are the prime factors of 8051?
83, 97
List the prime factors of 22376.
2, 2797
What are the prime factors of 283?
283
List the prime factors of 617.
617
What are the prime factors of 1188?
2, 3, 11
List the prime factors of 5459.
53, 103
List the prime factors of 7554.
2, 3, 1259
List the prime factors of 12194.
2, 7, 13, 67
What are the prime factors of 72120?
2, 3, 5, 601
What are the prime factors of 93113?
93113
List the prime factors of 48635.
5, 71, 137
List the prime factors of 1567.
1567
What are the prime factors of 3921?
3, 1307
List the prime factors of 2451.
3, 19, 43
What are the prime factors of 39746?
2, 7, 17, 167
List the prime factors of 5134.
2, 17, 151
What are the prime factors of 25950?
2, 3, 5, 173
What are the prime factors of 11538?
2, 3, 641
What are the prime factors of 4918?
2, 2459
What are the prime factors of 33017?
137, 241
What are the prime factors of 146?
2, 73
List the prime factors of 50979.
3, 16993
List the prime factors of 1234.
2, 617
What are the prime factors of 642?
2, 3, 107
List the prime factors of 2755.
5, 19, 29
What are the prime factors of 682?
2, 11, 31
What are the prime factors of 19609?
19609
List the prime factors of 6683.
41, 163
List the prime factors of 28020.
2, 3, 5, 467
What are the prime factors of 11885?
5, 2377
List the prime factors of 3406.
2, 13, 131
List the prime factors of 404.
2, 101
What are the prime factors of 2776?
2, 347
List the prime factors of 2319.
3, 773
What are the prime factors of 2089?
2089
What are the prime factors of 24009?
3, 53, 151
What are the prime factors of 506?
2, 11, 23
List the prime factors of 46486.
2, 11, 2113
What are the prime factors of 623?
7, 89
List the prime factors of 12099.
3, 37, 109
List the prime factors of 1750.
2, 5, 7
What are the prime factors of 6934?
2, 3467
What are the prime factors of 30408?
2, 3, 7, 181
List the prime factors of 10154.
2, 5077
What are the prime factors of 4482?
2, 3, 83
List the prime factors of 7560.
2, 3, 5, 7
What are the prime factors of 2778?
2, 3, 463
List the prime factors of 4222.
2, 2111
What are the prime factors of 105128?
2, 17, 773
List the prime factors of 450.
2, 3, 5
List the prime factors of 14022.
2, 3, 19, 41
What are the prime factors of 2208?
2, 3, 23
What are the prime factors of 69074?
2, 34537
List the prime factors of 1034.
2, 11, 47
List the prime factors of 76986.
2, 3, 7, 13, 47
What are the prime factors of 746?
2, 373
List the prime factors of 9774.
2, 3, 181
List the prime factors of 1659.
3, 7, 79
What are the prime factors of 4326?
2, 3, 7, 103
List the prime factors of 572.
2, 11, 13
What are the prime factors of 23711?
131, 181
What are the prime factors of 7133?
7, 1019
List the prime factors of 43834.
2, 7, 31, 101
What are the prime factors of 253?
11, 23
What are the prime factors of 858?
2, 3, 11, 13
List the prime factors of 613.
613
List the prime factors of 37712.
2, 2357
List the prime factors of 32892.
2, 3, 2741
What are the prime factors of 4534?
2, 2267
What are the prime factors of 1882?
2, 941
List the prime factors of 11781.
3, 7, 11, 17
List the prime factors of 762.
2, 3, 127
List the prime factors of 1079.
13, 83
List the prime factors of 12338.
2, 31, 199
What are the prime factors of 34707?
3, 23, 503
List the prime factors of 5388.
2, 3, 449
List the prime factors of 26587.
11, 2417
What are the prime factors of 5337?
3, 593
List the prime factors of 584.
2, 73
List the prime factors of 866.
2, 433
What are the prime factors of 7035?
3, 5, 7, 67
What are the prime factors of 29990?
2, 5, 2999
List the prime factors of 275.
5, 11
List the prime factors of 1466.
2, 733
List the prime factors of 47402.
2, 137, 173
List the prime factors of 30568.
2, 3821
List the prime factors of 16834.
2, 19, 443
What are the prime factors of 15307?
15307
List the prime factors of 3886.
2, 29, 67
What are the prime factors of 100539?
3, 11171
What are the prime factors of 45378?
2, 3, 2521
List the prime factors of 11742.
2, 3, 19, 103
What are the prime factors of 37660?
2, 5, 7, 269
List the prime factors of 1601.
1601
List the prime factors of 4261.
4261
What are the prime factors of 14596?
2, 41, 89
List the prime factors of 28043.
29, 967
List the prime factors of 3113.
11, 283
List the prime factors of 70558.
2, 35279
What are the prime factors of 127243?
19, 37, 181
List the prime factors of 31303.
23, 1361
What are the prime factors of 11490?
2, 3, 5, 383
What are the prime factors of 4347?
3, 7, 23
List the prime factors of 851.
23, 37
What are the prime factors of 13592?
2, 1699
List the prime factors of 18668.
2, 13